 7, what is 51122304 + 1?
51122305
In base 8, what is 2300537 + 214?
2300753
In base 10, what is -436297 + -57?
-436354
In base 5, what is -12 - 1314041243?
-1314041310
In base 2, what is 110010 + 111111010111010101?
111111011000000111
In base 13, what is 3 - -b4b825?
b4b828
In base 9, what is -27860653 + 0?
-27860653
In base 2, what is -10 - 1111100010011110011?
-1111100010011110101
In base 8, what is 10643 + -5775?
2646
In base 15, what is -2dc856a9 - 3?
-2dc856ac
In base 2, what is 111110011001111001 - 11011110011?
111101111110000110
In base 7, what is 0 + -1225602632?
-1225602632
In base 5, what is 4 - -2243131241?
2243131300
In base 12, what is 3491782 - -3?
3491785
In base 11, what is -3932052 + 7?
-3932046
In base 12, what is -500a615 + -3?
-500a618
In base 14, what is 25 + -116217?
-1161d2
In base 12, what is -49810 - 181?
-49991
In base 11, what is -1816868a + 4?
-18168686
In base 8, what is 3 + -75327101?
-75327076
In base 12, what is -258b9aa + -a2?
-258ba90
In base 14, what is 19b246b4 - 1?
19b246b3
In base 16, what is -24f99 + 5?
-24f94
In base 9, what is -12 + 6602826?
6602814
In base 13, what is 11 - -17c838?
17c849
In base 3, what is -11 - 201221211112112?
-201221211112200
In base 3, what is -221202000000 - 101101?
-221202101101
In base 11, what is 52369 - 49?
52320
In base 10, what is 2826224 - 69?
2826155
In base 14, what is 3 + 617d79?
617d7c
In base 7, what is 1341301 + 106?
1341410
In base 7, what is -4 + -151414523?
-151414530
In base 14, what is 11 - -576312?
576323
In base 11, what is 13a8258a + -6?
13a82584
In base 3, what is 1010001121220 + -2002120?
1002222112100
In base 5, what is -11420312 + -2313?
-11423130
In base 5, what is -121 - -10434110?
10433434
In base 14, what is -4 - 39a864?
-39a868
In base 6, what is -10205 + -2050?
-12255
In base 10, what is -56 + 10944?
10888
In base 5, what is 4 - -40432220443?
40432221002
In base 16, what is 1c6b - -71c?
2387
In base 8, what is 143670 - -61?
143751
In base 6, what is 3104242 + -105?
3104133
In base 5, what is -4203012032 + -10?
-4203012042
In base 16, what is -6ee538a + -5?
-6ee538f
In base 3, what is 110201110121012 + -21?
110201110120221
In base 6, what is 1335551 + -32?
1335515
In base 11, what is -90 + 4496?
4406
In base 9, what is -206635105 - -2?
-206635103
In base 3, what is -22022220120002 - 102?
-22022220120111
In base 6, what is -2012313 + -25423?
-2042140
In base 8, what is 116630530 - 3?
116630525
In base 2, what is -11 - 10100101010100000100110?
-10100101010100000101001
In base 7, what is 44515 - 60125?
-12310
In base 13, what is -44cb921 + -3?
-44cb924
In base 9, what is 18 + 1527856?
1527875
In base 3, what is 12000010210 + -221201?
11222012002
In base 16, what is e6b2e7 - -4?
e6b2eb
In base 2, what is 100101 - -100100111110101111?
100100111111010100
In base 15, what is e05 + d94e?
e854
In base 14, what is -23895 + -9?
-238a0
In base 10, what is 236433 - -116?
236549
In base 15, what is 0 + 114753?
114753
In base 7, what is 32 + -35135314?
-35135252
In base 10, what is -19 - 425081?
-425100
In base 12, what is 11b8755 + -46?
11b870b
In base 6, what is 3045142524 + 0?
3045142524
In base 12, what is -3b1474 + -8?
-3b1480
In base 14, what is 714c + -1bd3?
5359
In base 14, what is -6 + bd95?
bd8d
In base 9, what is 54576027 - 0?
54576027
In base 8, what is 7661216 - 36?
7661160
In base 11, what is 5a + -207000?
-206a51
In base 2, what is 1001 + 110011110100100000001?
110011110100100001010
In base 16, what is 5 - cce62?
-cce5d
In base 5, what is -3 + 31022312242?
31022312234
In base 3, what is 102001200 + -212111?
101012012
In base 7, what is 4 + 160162401?
160162405
In base 2, what is 1000 + -1101100111100000111?
-1101100111011111111
In base 12, what is 366 + 17765?
17b0b
In base 6, what is 0 + 3512434?
3512434
In base 15, what is -2 - -ed211e?
ed211c
In base 13, what is -3080 - 109c?
-414c
In base 8, what is 53266 + 20166?
73454
In base 16, what is 5 - 56615c?
-566157
In base 12, what is -2b - -201946?
201917
In base 5, what is -11403320221 - 10?
-11403320231
In base 13, what is 88030 + -7a?
87c83
In base 11, what is 101 - 960452?
-960351
In base 16, what is -1703 - -5aa?
-1159
In base 12, what is -113 - -258b4?
257a1
In base 13, what is 1 - -3c745?
3c746
In base 8, what is 5 - 7145765?
-7145760
In base 15, what is 7767 - 3dc?
737a
In base 6, what is -1502323324 + -1?
-1502323325
In base 3, what is 10 - 1202110122120?
-1202110122110
In base 9, what is 32013586 - 1?
32013585
In base 15, what is 180 + 2435a?
244da
In base 10, what is 2 - -100705244?
100705246
In base 6, what is 4 + -55301113553?
-55301113545
In base 4, what is -21021 + -113113132?
-113200213
In base 15, what is -6481 + 179?
-6307
In base 13, what is -157ac - -1682?
-1412a
In base 10, what is 10 - -3353725?
3353735
In base 16, what is -58 + -da3abb?
-da3b13
In base 8, what is -22211556 - -3?
-22211553
In base 9, what is 7 + 134526871?
134526878
In base 6, what is 3201 - 11553?
-4352
In base 8, what is -3004756 + 1367?
-3003367
In base 15, what is -4a02 - -8e7?
-410a
In base 9, what is 2702 + 3370?
6172
In base 12, what is a0 - b666?
-b586
In base 13, what is 96aac6 + 8?
96ab01
In base 13, what is 6304 - -3125?
9429
In base 8, what is 3 + 545125?
545130
In base 9, what is -5 - -4307?
4302
In base 7, what is -6644640 + -1040?
-6646010
In base 16, what is 409d44 + 7?
409d4b
In base 13, what is 554cbba + 1?
554cbbb
In base 2, what is -101 - 100110000100110000101?
-100110000100110001010
In base 4, what is 11100212 - -3231?
11110103
In base 11, what is -1096202 + -24?
-1096226
In base 3, what is 10210010021122020 - 22?
10210010021121221
In base 4, what is 1010102202 + -213101?
1003223101
In base 16, what is -4 - 185edb9?
-185edbd
In base 12, what is 9881849 + -5?
9881844
In base 6, what is -325 + 1332351?
1332022
In base 15, what is 45c9816d + -5?
45c98168
In base 11, what is -192522 + -2a61?
-195483
In base 4, what is 2000 + 2020302313?
2020310313
In base 7, what is 5455 + -13466?
-5011
In base 6, what is -30323 - -242205?
211442
In base 5, what is 31322 + 44430?
131302
In base 10, what is 1059419 + 14?
1059433
In base 16, what is -462 + -96?
-4f8
In base 12, what is 90b33 + -6?
90b29
In base 16, what is -431 + 1be1d?
1b9ec
In base 14, what is -6b5bcba - -2?
-6b5bcb8
In base 12, what is 5 + -12844539?
-12844534
In base 11, what is 7 + -14887285?
-14887279
In base 15, what is 19847160 + 2?
19847162
In base 7, what is 6 + 240164354?
240164363
In base 13, what is -139 - 30630?
-30769
In base 14, what is -180a08 + 1?
-180a07
In base 4, what is 0 - 21030313020013?
-21030313020013
In base 6, what is -143532354 - -15?
-143532335
In base 15, what is 1 - -103255b5?
103255b6
In base 10, what is -6 - -193450216?
193450210
In base 16, what is -ad3 + 960b?
8b38
In base 14, what is 8431c6 + -3?
8431c3
In base 10, what is -27 - -2034641?
2034614
In base 11, what is -6002 + -1a00?
-7a02
In base 2, what is -1101001001000010100101 - 101011?
-1101001001000011010000
In base 10, what is -650154 + -147?
-650301
In base 13, what is 20c910 + 15?
20c925
In base 16, what is 7559c - 3?
75599
In base 4, what is -313131210213 + 1?
-313131210212
In base 8, what is 1443 + 34615?
36260
In base 16, what is 6b2d1cb + -5?
6b2d1c6
In base 16, what is 0 + 1a5ef0?
1a5ef0
In base 10, what is -4978882 - 2?
-4978884
In base 11, what is 210a12 + 50?
210a62
In base 4, what is -100320211 + 31222?
-100222323
In base 14, what is 1 - -c0d09c0?
c0d09c1
In base 8, what is 1 + -11740112?
-11740111
In base 11, what is -681225 - -7?
-681219
In base 2, what is 11001101110 - -11110011011000?
100001101000110
In base 3, what is -1021222022101 + 22?
-1021222022002
In base 7, what is -36 + -503003355?
-503003424
In base 4, what is 121032 - 223332?
-102300
In base 10, what is 2319 - 30297?
-27978
In base 14, what is -4 - 92da42b?
-92da431
In base 13, what is -bb2444 + -162?
-bb25a6
In base 5, what is 42 + -2103304000?
-2103303403
In base 16, what is 1536 + 25cb?
3b01
In base 12, what is 46 + -22b80b?
-22b785
In base 12, what is -385246 - -3?
-385243
In base 13, what is -1792798 - 5?
-17927a0
In base 8, what is 730 + -27673?
-26743
In base 9, what is 113 + -11854?
-11741
In base 8, what is 2336052 - -3516?
2341570
In base 16, what is -35289 + -285?
